{"id":2,"date":"2024-02-11T14:54:55","date_gmt":"2024-02-11T13:54:55","guid":{"rendered":"https:\/\/www.adoptujsiknaza.sk\/?page_id=2"},"modified":"2024-02-12T12:57:40","modified_gmt":"2024-02-12T11:57:40","slug":"ukazkova-stranka","status":"publish","type":"page","link":"https:\/\/www.adoptujsiknaza.sk\/","title":{"rendered":""},"content":{"rendered":"\n<h1 class=\"wp-block-heading has-text-align-center\" style=\"font-size:38px\"><strong><mark style=\"background-color:rgba(0, 0, 0, 0)\" class=\"has-inline-color has-luminous-vivid-amber-color\">Zadajte V\u00e1\u0161 e-mail pre adoptovanie k\u0148aza<\/mark><\/strong><\/h1>\n\n\n\n<div class=\"wp-block-contact-form-7-contact-form-selector\">\n<div class=\"wpcf7 no-js\" id=\"wpcf7-f21-o1\" lang=\"sk-SK\" dir=\"ltr\" data-wpcf7-id=\"21\">\n<div class=\"screen-reader-response\"><p role=\"status\" aria-live=\"polite\" aria-atomic=\"true\"><\/p> <ul><\/ul><\/div>\n<form action=\"\/index.php?rest_route=%2Fwp%2Fv2%2Fpages%2F2#wpcf7-f21-o1\" method=\"post\" class=\"wpcf7-form init\" aria-label=\"Kontaktn\u00fd formul\u00e1r\" novalidate=\"novalidate\" data-status=\"init\">\n<div style=\"display: none;\">\n<input type=\"hidden\" name=\"_wpcf7\" value=\"21\" \/>\n<input type=\"hidden\" name=\"_wpcf7_version\" value=\"6.0.6\" \/>\n<input type=\"hidden\" name=\"_wpcf7_locale\" value=\"sk_SK\" \/>\n<input type=\"hidden\" name=\"_wpcf7_unit_tag\" value=\"wpcf7-f21-o1\" \/>\n<input type=\"hidden\" name=\"_wpcf7_container_post\" value=\"0\" \/>\n<input type=\"hidden\" name=\"_wpcf7_posted_data_hash\" value=\"\" \/>\n<\/div>\n<p><label> Va\u0161a emailov\u00e1 adresa<br \/>\n<span class=\"wpcf7-form-control-wrap\" data-name=\"your-email\"><input size=\"40\" maxlength=\"400\" class=\"wpcf7-form-control wpcf7-email wpcf7-validates-as-required wpcf7-text wpcf7-validates-as-email\" autocomplete=\"email\" aria-required=\"true\" aria-invalid=\"false\" value=\"\" type=\"email\" name=\"your-email\" \/><\/span> <\/label>\n<\/p>\n<p><span class=\"wpcf7-form-control-wrap\" data-name=\"Shlasmsospracovanmosobnchdajovpremarketingovely\"><span class=\"wpcf7-form-control wpcf7-acceptance\"><span class=\"wpcf7-list-item\"><label><input type=\"checkbox\" name=\"Shlasmsospracovanmosobnchdajovpremarketingovely\" value=\"1\" aria-invalid=\"false\" \/><span class=\"wpcf7-list-item-label\">Vyplnen\u00edm tohto prihlasovacieho formul\u00e1ra d\u00e1vate s\u00fahlas so spracovan\u00edm Va\u0161ich osobn\u00fdch \u00fadajov v rozsahu e-mail a jeho vyu\u017eitie pri organizovan\u00ed akcie ADOPTUJ SI K\u0147AZA.<\/span><\/label><\/span><\/span><\/span>\n<\/p>\n<p><input class=\"wpcf7-form-control wpcf7-submit has-spinner\" type=\"submit\" value=\"Odosla\u0165\" \/>\n<\/p><div class=\"wpcf7-response-output\" aria-hidden=\"true\"><\/div>\n<\/form>\n<\/div>\n<\/div>\n\n\n\n<pre class=\"wp-block-preformatted\" style=\"font-size:13px\">         V pr\u00edpade ak\u00fdchko\u013evek ot\u00e1zok n\u00e1s kontaktujte na adrese <a href=\"mailto:lubomir.valient@adoptujsiknaza.sk\"><strong>lubomir.valient@adoptujsiknaza.sk<\/strong><\/a><\/pre>\n\n\n\n<div class=\"wp-block-columns is-layout-flex wp-container-core-columns-is-layout-9d6595d7 wp-block-columns-is-layout-flex\">\n<div class=\"wp-block-column is-layout-flow wp-block-column-is-layout-flow\"><\/div>\n\n\n\n<div class=\"wp-block-column is-layout-flow wp-block-column-is-layout-flow\"><\/div>\n\n\n\n<div class=\"wp-block-column is-layout-flow wp-block-column-is-layout-flow\"><\/div>\n<\/div>\n","protected":false},"excerpt":{"rendered":"<p>Zadajte V\u00e1\u0161 e-mail pre adoptovanie k\u0148aza V pr\u00edpade ak\u00fdchko\u013evek ot\u00e1zok n\u00e1s kontaktujte na adrese lubomir.valient@adoptujsiknaza.sk<\/p>\n","protected":false},"author":1,"featured_media":0,"parent":0,"menu_order":0,"comment_status":"closed","ping_status":"open","template":"","meta":{"_monsterinsights_skip_tracking":false,"_monsterinsights_sitenote_active":false,"_monsterinsights_sitenote_note":"","_monsterinsights_sitenote_category":0,"footnotes":""},"class_list":["post-2","page","type-page","status-publish","hentry"],"yoast_head":"<!-- This site is optimized with the Yoast SEO plugin v25.0 - https:\/\/yoast.com\/wordpress\/plugins\/seo\/ -->\n<title>- Adoptuj si k\u0148aza<\/title>\n<meta name=\"robots\" content=\"index, follow, max-snippet:-1, max-image-preview:large, max-video-preview:-1\" \/>\n<link rel=\"canonical\" href=\"https:\/\/www.adoptujsiknaza.sk\/\" \/>\n<meta property=\"og:locale\" content=\"sk_SK\" \/>\n<meta property=\"og:type\" content=\"article\" \/>\n<meta property=\"og:title\" content=\"- Adoptuj si k\u0148aza\" \/>\n<meta property=\"og:description\" content=\"Zadajte V\u00e1\u0161 e-mail pre adoptovanie k\u0148aza V pr\u00edpade ak\u00fdchko\u013evek ot\u00e1zok n\u00e1s kontaktujte na adrese lubomir.valient@adoptujsiknaza.sk\" \/>\n<meta property=\"og:url\" content=\"https:\/\/www.adoptujsiknaza.sk\/\" \/>\n<meta property=\"og:site_name\" content=\"Adoptuj si k\u0148aza\" \/>\n<meta property=\"article:modified_time\" content=\"2024-02-12T11:57:40+00:00\" \/>\n<meta name=\"twitter:card\" content=\"summary_large_image\" \/>\n<meta name=\"twitter:label1\" content=\"Predpokladan\u00fd \u010das \u010d\u00edtania\" \/>\n\t<meta name=\"twitter:data1\" content=\"1 min\u00fata\" \/>\n<script type=\"application\/ld+json\" class=\"yoast-schema-graph\">{\"@context\":\"https:\/\/schema.org\",\"@graph\":[{\"@type\":\"WebPage\",\"@id\":\"https:\/\/www.adoptujsiknaza.sk\/\",\"url\":\"https:\/\/www.adoptujsiknaza.sk\/\",\"name\":\"- Adoptuj si k\u0148aza\",\"isPartOf\":{\"@id\":\"https:\/\/www.adoptujsiknaza.sk\/#website\"},\"datePublished\":\"2024-02-11T13:54:55+00:00\",\"dateModified\":\"2024-02-12T11:57:40+00:00\",\"inLanguage\":\"sk-SK\",\"potentialAction\":[{\"@type\":\"ReadAction\",\"target\":[\"https:\/\/www.adoptujsiknaza.sk\/\"]}]},{\"@type\":\"WebSite\",\"@id\":\"https:\/\/www.adoptujsiknaza.sk\/#website\",\"url\":\"https:\/\/www.adoptujsiknaza.sk\/\",\"name\":\"Adoptuj si k\u0148aza\",\"description\":\"\",\"potentialAction\":[{\"@type\":\"SearchAction\",\"target\":{\"@type\":\"EntryPoint\",\"urlTemplate\":\"https:\/\/www.adoptujsiknaza.sk\/?s={search_term_string}\"},\"query-input\":{\"@type\":\"PropertyValueSpecification\",\"valueRequired\":true,\"valueName\":\"search_term_string\"}}],\"inLanguage\":\"sk-SK\"}]}<\/script>\n<!-- \/ Yoast SEO plugin. -->","yoast_head_json":{"title":"- Adoptuj si k\u0148aza","robots":{"index":"index","follow":"follow","max-snippet":"max-snippet:-1","max-image-preview":"max-image-preview:large","max-video-preview":"max-video-preview:-1"},"canonical":"https:\/\/www.adoptujsiknaza.sk\/","og_locale":"sk_SK","og_type":"article","og_title":"- Adoptuj si k\u0148aza","og_description":"Zadajte V\u00e1\u0161 e-mail pre adoptovanie k\u0148aza V pr\u00edpade ak\u00fdchko\u013evek ot\u00e1zok n\u00e1s kontaktujte na adrese lubomir.valient@adoptujsiknaza.sk","og_url":"https:\/\/www.adoptujsiknaza.sk\/","og_site_name":"Adoptuj si k\u0148aza","article_modified_time":"2024-02-12T11:57:40+00:00","twitter_card":"summary_large_image","twitter_misc":{"Predpokladan\u00fd \u010das \u010d\u00edtania":"1 min\u00fata"},"schema":{"@context":"https:\/\/schema.org","@graph":[{"@type":"WebPage","@id":"https:\/\/www.adoptujsiknaza.sk\/","url":"https:\/\/www.adoptujsiknaza.sk\/","name":"- Adoptuj si k\u0148aza","isPartOf":{"@id":"https:\/\/www.adoptujsiknaza.sk\/#website"},"datePublished":"2024-02-11T13:54:55+00:00","dateModified":"2024-02-12T11:57:40+00:00","inLanguage":"sk-SK","potentialAction":[{"@type":"ReadAction","target":["https:\/\/www.adoptujsiknaza.sk\/"]}]},{"@type":"WebSite","@id":"https:\/\/www.adoptujsiknaza.sk\/#website","url":"https:\/\/www.adoptujsiknaza.sk\/","name":"Adoptuj si k\u0148aza","description":"","potentialAction":[{"@type":"SearchAction","target":{"@type":"EntryPoint","urlTemplate":"https:\/\/www.adoptujsiknaza.sk\/?s={search_term_string}"},"query-input":{"@type":"PropertyValueSpecification","valueRequired":true,"valueName":"search_term_string"}}],"inLanguage":"sk-SK"}]}},"_links":{"self":[{"href":"https:\/\/www.adoptujsiknaza.sk\/index.php?rest_route=\/wp\/v2\/pages\/2","targetHints":{"allow":["GET"]}}],"collection":[{"href":"https:\/\/www.adoptujsiknaza.sk\/index.php?rest_route=\/wp\/v2\/pages"}],"about":[{"href":"https:\/\/www.adoptujsiknaza.sk\/index.php?rest_route=\/wp\/v2\/types\/page"}],"author":[{"embeddable":true,"href":"https:\/\/www.adoptujsiknaza.sk\/index.php?rest_route=\/wp\/v2\/users\/1"}],"replies":[{"embeddable":true,"href":"https:\/\/www.adoptujsiknaza.sk\/index.php?rest_route=%2Fwp%2Fv2%2Fcomments&post=2"}],"version-history":[{"count":6,"href":"https:\/\/www.adoptujsiknaza.sk\/index.php?rest_route=\/wp\/v2\/pages\/2\/revisions"}],"predecessor-version":[{"id":70,"href":"https:\/\/www.adoptujsiknaza.sk\/index.php?rest_route=\/wp\/v2\/pages\/2\/revisions\/70"}],"wp:attachment":[{"href":"https:\/\/www.adoptujsiknaza.sk\/index.php?rest_route=%2Fwp%2Fv2%2Fmedia&parent=2"}],"curies":[{"name":"wp","href":"https:\/\/api.w.org\/{rel}","templated":true}]}}